et u(r) be the first derivative of -5*r**2/2 + 53*r + 11. Determine u(12).
-7
Let z(l) = -2*l**2 + l - 2. Let u(c) = 5*c**2 - 2*c + 10. Let g(a) = -u(a) - 3*z(a). Determine g(-2).
2
Let p(l) be the second derivative of 4*l + 3*l**2 - 1/6*l**3 + 0. Suppose s + n - 2 = 0, 10*s + 3*n = 5*s + 16. What is p(s)?
1
Let q(j) = -j**2 - j - 6. Let n be q(5). Let u be (n/(-15))/((-6)/(-20)). Let a be 2/u + (-15)/(-20). Let o(w) = 2*w**2 + w - 1. Determine o(a).
2
Let n(d) = -8 - d**2 + 11 + 1 - 6*d - 3. Let g(i) = -5*i + 3. Let b be g(2). Give n(b).
-6
Let n(z) = z**3 + z**2 + 1. Suppose 0*i - 3*m + 6 = 3*i, 5*m = 4*i - 17. Suppose 0 = -0*r - r + i*o, -r = o. What is n(r)?
1
Let y(n) = -n**3 - 2*n**2 + 2*n. Let t be y(-3). Let m be -1 + t + (-7)/7. Let z(h) = 1 + h + 1 - 5 - m. Give z(5).
1
Let s(i) be the first derivative of -2*i**3/3 + 5*i**2 - 10*i + 397. Calculate s(4).
-2
Let d(h) = -h**3 + 6*h**2 + 7*h + 8. Suppose 2*g - 29 = -3*s, 1 = 4*g - s - 22. Determine d(g).
8
Let q be (-5)/(-2) - 3/6. Suppose -q*y + 10 = -6. Let d(s) = y*s + 0*s**3 - 4*s + 0*s + 4*s**2 + 1 - s**3. Calculate d(5).
-4
Suppose -5*t = -4*i + 2, 0 = -6*t + t - 10. Let x(b) = -2*b**2 - 3*b. What is x(i)?
-2
Let b(q) be the second derivative of 0*q**2 + 1/6*q**3 - 2*q + 0*q**4 + 6 - 1/20*q**5. Determine b(1).
0
Suppose 3*u - d = 2, 0*u = -4*u + 4*d. Suppose 0 = -2*v + u + 1. Let c(p) = -4*p - 2*p - 4*p - v. Calculate c(-1).
9
Let z(r) = r**3 + 5*r**2 - 26*r - 5. Let a be z(-8). Let o(h) = h**3 - 11*h**2 - 3*h + 32. Determine o(a).
-1
Let i(k) be the second derivative of 17*k**8/6720 - k**6/720 + k**5/120 - k**4 - 15*k. Let f(w) be the third derivative of i(w). What is f(1)?
17
Let s(v) = -353 + 2*v + 177 + 177. What is s(-2)?
-3
Let z(x) be the third derivative of -x**5/15 + x**4/6 - x**3/2 + 5*x**2. Let d(a) = -4*a**2 + 5*a - 4. Let o(q) = -4*d(q) + 5*z(q). What is o(-1)?
-3
Let a = -16 + 22. Let d(x) = -x + 0*x + 6 - a. Give d(-4).
4
Let n(m) = -m**3 + 3*m**2 + 6*m - 6. Let c be (-3)/(-3)*(1 + 3). Suppose -c*z - 3*v = -1, -2*v + 28 = 2*z - 6*v. Calculate n(z).
2
Let v(j) = 4*j. Let s(f) = 5*f. Let q(x) = 3*s(x) - 4*v(x). Let a = -15 - -9. Let t be (a/4)/(3/(-4)). Determine q(t).
-2
Let h(z) = 3*z - 7. Let c(k) = 9*k**2 + 45*k + 3. Let m be c(-5). Give h(m).
2
Suppose -5*q + 17 + 8 = 0. Suppose 37 = 2*n - q*b + 2, n + 15 = -4*b. Let g(v) = 3*v - 4. Calculate g(n).
11
Let d(k) = k**2 + k - 6. Let v be (-5)/2*(-4)/5. Suppose w - v*s = 10, 2*w = s - 0 + 5. Determine d(w).
-6
Let z(u) = -u**2 + 13*u + 15. Let l be 3/(-5)*((-870)/45 + -4). Determine z(l).
1
Let w(y) = -2*y**2 + 13*y - 3. Suppose 5*h + 12 = 42. Calculate w(h).
3
Let t(x) be the first derivative of -x**4/4 - 2*x**3/3 + 3*x**2/2 - 2*x + 545. Determine t(-3).
-2
Let o(t) = -t**2 + 13*t - 9. Let w(a) = a**2 - 12*a + 10. Let u = 2 - 5. Let p(y) = u*w(y) - 2*o(y). What is p(8)?
4
Let h(d) = -6*d**2 - 5 + 7*d**2 + 3 + 1. What is h(-1)?
0
Let c(q) = 2*q**2. Suppose -2*o + 4 = 2*o. Suppose -5*x - 113 = -3*g, 57*g - 54*g - 3*x - 111 = 0. Let v be (-4 + o)/(54/g). Calculate c(v).
8
Suppose 6 + 0 = 2*q. Let g be (q - 1)/2 + 3. Let a(w) = 2*w**3 - g*w**2 - 3*w + 7*w - 10 + 7. What is a(2)?
5
Let w(x) = -30836 - 30837 + 61674 + 4*x. Let s = 1 + 0. What is w(s)?
5
Let x(s) be the first derivative of s**2/2 - s - 1. Suppose 0 = -90*a + 97*a. Give x(a).
-1
Let z(k) = -3*k - 130. Let t(m) = 4*m + 218. Let c(a) = -3*t(a) - 5*z(a). Let l = 9 + -4. What is c(l)?
11
Let z(k) = k**2 - 5*k - 21. Let q be z(9). Suppose 2*l - q = 5*l. Let m(n) = -n**3 - 4*n**2 + 4*n + 3. Give m(l).
8
Let l(i) be the second derivative of i**4/4 - 4*i**3/3 + 3*i**2/2 + 23*i + 2. Calculate l(2).
-1
Let x(m) = -4*m - 4 - 37*m**2 + 42*m**2 - 10*m**2 + 1 - 3*m**3. What is x(-3)?
45
Let i(v) = -v**3 + 3*v**2 + 2*v - 1. Suppose 2*t - 5 = 5*u + 1, 5*u = -t + 3. What is i(t)?
5
Let n(m) = -m**3 - 11*m**2 + 10*m + 4. Let c(l) = -l**2 + 25*l - 126. Let b be c(19). Determine n(b).
28
Suppose 6 = 2*m + 4. Let x be (2/(-2) - -1) + -2. Let t = x + m. Let w(o) = -4*o. Determine w(t).
4
Suppose -2*s = -s + 7, 2*q + 2*s + 20 = 0. Let y(c) = -c**3 + 0*c + 3*c - 3*c**2 + 6 - 3. What is y(q)?
-6
Let r be (-35)/25 + 8/20. Let f(l) be the second derivative of l**3/2 - l**2/2 - l. Calculate f(r).
-4
Let l(f) = f**3 - f**2 - f + 1. Let m(w) = -3*w**3 + w**2 + 2*w + 1. Let h(j) = l(j) + m(j). What is h(2)?
-12
Let f = 53 - 51. Let j(u) be the first derivative of -8*u - 1/4*u**4 - u**2 + 2 - f*u**3. Calculate j(-6).
4
Let u(t) = -13*t + t - 4*t + 18*t + 2 - 3*t. Determine u(-2).
4
Let p(z) be the first derivative of 9*z + 6 + 7/3*z**3 + 1/4*z**4 + 9/2*z**2. Calculate p(-6).
-9
Let t(p) = p**2 + 66*p - 66. Let u be t(-67). Let k(n) = 10*n + 4. Let x(w) = 9*w + 3. Let s(f) = 2*k(f) - 3*x(f). What is s(u)?
-8
Suppose 5*s = 2*x + 14, -9*x + 5*x + 5*s - 8 = 0. Let q be (8/(-6))/((-2)/x). Let o(n) = -n**2 + 3*n + 1. Determine o(q).
3
Let b(f) be the first derivative of -9*f + 1 + 1/2*f**2. Let w be -2*(3 - 2) - -6. What is b(w)?
-5
Let k(w) = 3*w**2 + w. Let x be k(1). Let s(q) = -q - q + q + x - q. Suppose 35 = -15*i + 20*i. What is s(i)?
-10
Let h(s) be the third derivative of s**9/60480 - s**8/3360 - s**7/720 + s**6/144 + 17*s**5/60 - 6*s**2. Let o(u) be the third derivative of h(u). Give o(7).
5
Let u(y) = 12*y**2 - 2*y - 1. Let m(d) be the second derivative of d**4/12 - d**3/6 - d**2/2 + 5*d. Let l be m(0). Give u(l).
13
Let l(w) be the third derivative of 0*w - 1/60*w**5 - 10*w**2 + 0 + 1/24*w**4 + 1/2*w**3. Let s be (-4)/(-14) + 26/7. What is l(s)?
-9
Let b(d) = -d**3 - 7*d**2 - d - 7. Let y(n) = n**3 - 2*n**2 - 3*n + 4. Let s be y(3). Suppose 2*c = 2*g + 8, -2*g - 7 = s*c + 19. Give b(g).
0
Let u(i) = i - 5. Let q(a) = 4. Let n(w) = 4*q(w) + 2*u(w). What is n(0)?
6
Suppose 0*n - 5*n + 2*h + 90 = 0, -h = 0. Suppose 0 = -0*c - 2*c. Suppose 3*k = 5*u - n, -u + 3*u - 3*k = c. Let j(m) = m - 13. What is j(u)?
-7
Let t = 130 + -117. Let x(a) = 90*a + 84*a - 175*a + t. Calculate x(9).
4
Let y(v) = -10*v. Let q be 4/(-20) + (-96)/120. Determine y(q).
10
Let m(s) = 6*s - 4 - s**2 + 1 + 4. Suppose 0 = -12*l + 311*l - 1794. Calculate m(l).
1
Let g be -45*(2 + (-7)/3). Suppose 4*u = 7*u - g. Suppose -5*t = -u - 15. Let x(k) = k**3 - 4*k**2 + k - 3. Determine x(t).
1
Let l(a) be the third derivative of -a**6/120 + a**5/12 - a**4/6 + a**3 - a**2. Suppose 2*y = -2*b + 2, -5*b + 31 = 3*y + 34. Give l(y).
6
Let l be 96/15 - (1 - (-6)/(-10)). Let x(r) = 4*r + 3*r**2 + 5*r**3 - 3*r + 6*r - 6 - l*r**3. Give x(4).
6
Let h(j) be the third derivative of j**4/8 - j**3/3 + 11*j**2 - 2*j. What is h(6)?
16
Let p(m) = -3*m**2 + 7*m - 1. Let v(u) = -120 - 6*u**2 + 120 + 6*u. Let a(l) = l**2 - l. Let r(w) = 5*a(w) + v(w). Let c(t) = -p(t) + 2*r(t). Determine c(6).
7
Let b(f) = f**3 + 3*f**2 - 10*f + 8. Let g = -121 - -116. Give b(g).
8
Let c(v) = v + 2*v**2 - 3 - v - 3*v. Suppose -t - t = -4*k - 12, t - 6 = k. Suppose -3*h = t, -y = 3*h + 4 - 1. Give c(y).
6
Let g(m) = -m**2 - 6*m - 7. Let o be 1/(3 + (-60)/21). Let t(d) = d**3 - 6*d**2 - 9*d + 9. Let j be t(o). Give g(j).
-2
Let d be 1*-3*12/(-9). Suppose -2*g + 26 = 4*z, -3*z = -g - d*g. Let h be 3 + (z + -2 - 0). Let n(w) = w**3 - 7*w**2 + 5*w - 4. Calculate n(h).
-10
Let r be 29 - 3 - 0/2. Suppose 4*s = -m + 19, -r = -2*m - s - 4*s. Let p(h) = -4 + h**2 + 2 - m - h + 3. Calculate p(-2).
4
Suppose 0 = 4*f + 5*p - 2, 10*f - 8*f - 2 = -2*p. Let n(z) = -z**3 + 2*z**2 - 2*z - 5. Determine n(f).
-20
Let c(x) = -x**3 - 6*x**2 - x + 1. Let l = 405 - 409. Calculate c(l).
-27
Let l be ((-225)/(-54))/25*1*3. Let m(w) be the second derivative of 3*w + l*w**4 - 2*w**2 + 1/20*w**5 + 0 + 1/6*w**3. Calculate m(-5).
16
Let m(g) = g**3 - 7*g**2 - 12*g + 16. Let u be m(8). Let q = 13 + u. Let y(k) = -k**2 + k + 3. What is y(q)?
-9
Let w(k) = 2*k**2 - 4*k + 4. Suppose 3*n - 16 = -4*z + n, 16 = -4*n. Suppose x = z*x + 10. Let s be (-1)/x*0 - -3. Determine w(s).
10
Let l(z) = -z**2 - z + 2. Let c be l(-2). Let s(i) be the second derivative of -i**4/12 + 3*i**2/2 + 901*i. Calculate s(c).
3
Let c(b) = -11*b**3 - 26*b**2 - 26*b - 3. Let t(l) = 4*l**3 + 9*l**2 + 9*l + 1. Let d(f) = -3*c(f) - 8*t(f). What is d(-5)?
-4
Let k = 4 + -7. Let v = 743 + -747. Let q = v - k. Let l(g) = 5*g*